{"id":2,"date":"2011-02-15T17:17:21","date_gmt":"2011-02-15T17:17:21","guid":{"rendered":"http:\/\/www.tc-og-gm.de\/wp\/?page_id=2"},"modified":"2022-03-17T15:56:32","modified_gmt":"2022-03-17T15:56:32","slug":"eine-seite","status":"publish","type":"page","link":"http:\/\/www.tc-og-gm.de\/?page_id=2","title":{"rendered":"Verein"},"content":{"rendered":"<p>Der TC Oberes Glantal e.V. wurde 1978 in Glan-M\u00fcnchweiler gegr\u00fcndet. Nach mittlerweile \u00fcber 30 Jahren hat der Verein aktuell 163 Mitglieder.<\/p>\n<p>Zur Aus\u00fcbung des Tennissports stehen 4 Sandpl\u00e4tze zur Verf\u00fcgung, im vereinseigenen Clubheim finden sich die Mitglieder im Anschluss an die Spiele gesellig zusammen.<br>\nWir laden zum Verweilen und St\u00f6bern auf unserer Website ein&#8230;<\/p>\n<p><strong>Tennisanlage:<\/strong><br>\nBergstra\u00dfe<br>\n66907 Glan-M\u00fcnchweiler<\/p>\n<p><strong>Postalische Anschrift:<\/strong><br>\nTC Oberes Glantal e.V.<br>\nNelkenweg 9<br>\n66907 Glan-M\u00fcnchweiler<\/p>\n\n\n<div class=\"wp-block-image\"><figure class=\"aligncenter size-large is-resized\"><a href=\"http:\/\/www.tc-og-gm.de\/wp-content\/uploads\/DSC_0469.jpg\"><img decoding=\"async\" src=\"http:\/\/www.tc-og-gm.de\/wp-content\/uploads\/DSC_0469-edited.jpg\" alt=\"\" class=\"wp-image-1184\" width=\"489\" srcset=\"http:\/\/www.tc-og-gm.de\/wp-content\/uploads\/DSC_0469-edited.jpg 465w, http:\/\/www.tc-og-gm.de\/wp-content\/uploads\/DSC_0469-edited-300x225.jpg 300w\" sizes=\"(max-width: 465px) 100vw, 465px\" \/><\/a><\/figure><\/div>\n","protected":false},"excerpt":{"rendered":"<p>Der TC Oberes Glantal e.V. wurde 1978 in Glan-M\u00fcnchweiler gegr\u00fcndet. Nach mittlerweile \u00fcber 30 Jahren hat der Verein aktuell 163 Mitglieder. Zur Aus\u00fcbung des Tennissports stehen 4 Sandpl\u00e4tze zur Verf\u00fcgung, im vereinseigenen Clubheim finden sich die Mitglieder im Anschluss an die Spiele gesellig zusammen. Wir laden zum Verweilen und St\u00f6bern auf unserer Website ein&#8230; Tennisanlage: Bergstra\u00dfe 66907 Glan-M\u00fcnchweiler Postalische Anschrift: TC Oberes Glantal e.V. Nelkenweg 9 66907 Glan-M\u00fcnchweiler<\/p>\n","protected":false},"author":1,"featured_media":0,"parent":0,"menu_order":0,"comment_status":"closed","ping_status":"open","template":"","meta":{"ngg_post_thumbnail":0,"footnotes":""},"_links":{"self":[{"href":"http:\/\/www.tc-og-gm.de\/index.php?rest_route=\/wp\/v2\/pages\/2"}],"collection":[{"href":"http:\/\/www.tc-og-gm.de\/index.php?rest_route=\/wp\/v2\/pages"}],"about":[{"href":"http:\/\/www.tc-og-gm.de\/index.php?rest_route=\/wp\/v2\/types\/page"}],"author":[{"embeddable":true,"href":"http:\/\/www.tc-og-gm.de\/index.php?rest_route=\/wp\/v2\/users\/1"}],"replies":[{"embeddable":true,"href":"http:\/\/www.tc-og-gm.de\/index.php?rest_route=%2Fwp%2Fv2%2Fcomments&post=2"}],"version-history":[{"count":7,"href":"http:\/\/www.tc-og-gm.de\/index.php?rest_route=\/wp\/v2\/pages\/2\/revisions"}],"predecessor-version":[{"id":1185,"href":"http:\/\/www.tc-og-gm.de\/index.php?rest_route=\/wp\/v2\/pages\/2\/revisions\/1185"}],"wp:attachment":[{"href":"http:\/\/www.tc-og-gm.de\/index.php?rest_route=%2Fwp%2Fv2%2Fmedia&parent=2"}],"curies":[{"name":"wp","href":"https:\/\/api.w.org\/{rel}","templated":true}]}}